13330 (base 5) to base 7
-32302615
Convert -509c2 (base 13) to base 6.
-3032524
-310121203300 (base 4) to base 14
-1b77c76
Convert 3262565 (base 9) to base 4.
12230021231
187028 (base 15) to base 9
2210612
Convert -4e1be0 (base 15) to base 16.
-394176
What is -312311311 (base 4) in base 6?
-4451541
Convert -24103401 (base 5) to base 13.
-7a28c
What is -3331033031 (base 4) in base 5?
-231143021
228706 (base 9) to base 10
137625
1022212022022 (base 3) to base 7
6000002
Convert 760507 (base 10) to base 14.
15b21d
What is 6661d (base 16) in base 9?
708222
What is -5225001 (base 7) in base 15?
-c62bc
Convert -299115 (base 10) to base 11.
-194803
What is 386de (base 16) in base 15?
4873e
124203542 (base 7) to base 10
7917401
100110001001000001 (base 2) to base 9
257263
What is -1630502 (base 10) in base 2?
-110001110000100100110
Convert 210804 (base 11) to base 12.
14352b
-1232012 (base 4) to base 8
-15606
Convert -216043 (base 9) to base 4.
-133200300
Convert 24887cd (base 14) to base 9.
36005003
Convert 41230471 (base 8) to base 12.
2b0b535
122221105 (base 7) to base 2
11101010100011101101110
Convert 11222002001002 (base 3) to base 15.
371dde
101322032123 (base 4) to base 11
2717417
-4140872 (base 10) to base 13
-b1ca28
11000111010110 (base 2) to base 8
30726
Convert 100121012000 (base 3) to base 8.
561022
What is a96420 (base 13) in base 11?
2281154
What is 299702 (base 10) in base 9?
506102
-342175 (base 10) to base 12
-146027
-413909 (base 10) to base 9
-700688
What is 42dd08 (base 15) in base 8?
14115626
Convert -49902b (base 14) to base 10.
-2521775
Convert -2bade (base 16) to base 12.
-87652
Convert -78203 (base 10) to base 9.
-128242
Convert -1252065 (base 8) to base 5.
-42133422
10330120 (base 5) to base 10
89410
-12112020 (base 5) to base 10
-113385
-4011606 (base 8) to base 12
-42985a
What is -10246555 (base 8) in base 5?
-1024320014
-12da4c (base 14) to base 10
-652356
-243504 (base 10) to base 11
-156a48
Convert -c8a41 (base 14) to base 16.
-76661
1a1e7 (base 16) to base 10
106983
Convert -230313020 (base 5) to base 13.
-29c00b
Convert 131278 (base 15) to base 12.
381758
Convert -1466a9 (base 14) to base 16.
-ad29d
What is -22110112021011 (base 3) in base 5?
-2122414443
2a392 (base 14) to base 10
104988
What is -13300202110 (base 4) in base 3?
-10211022212101
Convert -9b8bb (base 12) to base 15.
-414a2
2290622 (base 11) to base 2
1111010000000000101111
Convert -2014a (base 12) to base 3.
-2010011111
Convert -641502 (base 7) to base 12.
-54310
-1121121023 (base 4) to base 5
-43204110
-262737 (base 8) to base 4
-112113133
41263 (base 16) to base 9
446041
Convert c81ba (base 16) to base 10.
819642
-678214 (base 9) to base 13
-112b94
Convert 75868 (base 10) to base 8.
224134
Convert -39bc49 (base 15) to base 2.
-1010100101001010001100
What is 3011214 (base 6) in base 9?
235161
Convert -24ca94 (base 15) to base 4.
-12232230223
-1313381 (base 12) to base 3
-21001222021121
What is -1111111111000000100 (base 2) in base 7?
-4311025
What is 28771366 (base 9) in base 7?
232234101
What is 629901 (base 12) in base 3?
2220211000001
What is -359730 (base 12) in base 16?
-d39d4
-23852 (base 14) to base 12
-42214
10031031 (base 5) to base 14
212c5
What is -244d9 (base 16) in base 8?
-442331
Convert -404040204 (base 5) to base 14.
-3051bc
What is -1432150 (base 10) in base 15?
-1d451a
Convert 22220220201022 (base 3) to base 13.
ca04a5
Convert -409705 (base 13) to base 16.
-16fb55
Convert 3030200204 (base 5) to base 8.
27212126
300322232 (base 4) to base 13
7027a
Convert -1014b (base 16) to base 3.
-10100100112
What is -1329a3 (base 14) in base 15?
-d0a62
What is -101706 (base 10) in base 15?
-20206
What is 5353523 (base 6) in base 12?
1088a3
Convert -12314433 (base 7) to base 10.
-1113255
-156400 (base 10) to base 3
-21221112121
-100001101001001011110111 (base 2) to base 16
-8692f7
What is 11110101011000010 (base 2) in base 10?
125634
Convert -1036385 (base 12) to base 3.
-12202102021202
Convert 353273 (base 8) to base 12.
598a3
Convert 2307002 (base 9) to base 8.
4577716
-18c62b (base 16) to base 15
-2210ea
11236545 (base 10) to base 7
164336415
139cc0 (base 13) to base 9
808867
Convert -35560046 (base 7) to base 13.
-867170
-2f1d3 (base 16) to base 14
-50483
1253120 (base 9) to base 6
22401330
Convert 1316340 (base 8) to base 10.
367840
12b3d3 (base 14) to base 8
2354755
What is -629133 (base 13) in base 16?
-232b60
Convert 22a39 (base 14) to base 6.
1450231
What is 2204322142 (base 5) in base 10?
4760922
Convert 10110010111100000000111 (base 2) to base 3.
102000220010010
What is -8c858a (base 13) in base 15?
-45c226
1349765 (base 10) to base 8
5114205
-100011100010101011101 (base 2) to base 11
-726011
What is 1120011230 (base 4) in base 15?
71d92
-2021310 (base 6) to base 10
-96234
Convert -57771 (base 11) to base 13.
-2bca0
Convert -4116848 (base 10) to base 9.
-7664225
121122102112 (base 3) to base 2
1001111111111010000
What is 21100120202 (base 3) in base 11?
99847
271775 (base 8) to base 6
2012513
-b55781 (base 15) to base 7
-133211152
-5131724 (base 10) to base 2
-10011100100110111001100
Convert 25177 (base 15) to base 10.
118462
-1302125 (base 8) to base 10
-361557
Convert 2465614 (base 7) to base 3.
121012112001
-14423523 (base 6) to base 8
-1722553
-20b6b4 (base 15) to base 6
-53214054
Convert -2001111200010 (base 3) to base 6.
-35230003
What is -646436 (base 7) in base 15?
-23602
Convert -148028 (base 9) to base 5.
-10404101
Convert -2a200 (base 11) to base 2.
-1010011101010010
Convert -43676 (base 16) to base 10.
-276086
Convert 89450 (base 10) to base 11.
61229
Convert 121110221112120 (base 3) to base 13.
1a78394
Convert -30d47e (base 15) to base 13.
-63448a
Convert -221112200220 (base 3) to base 15.
-9de96
Convert -45525 (base 8) to base 13.
-8a16
Convert -1939d9 (base 15) to base 2.
-100101011101001011010
What is -777601 (base 8) in base 11?
-169948
What is -82443 (base 12) in base 8?
-513763
-1662022 (base 9) to base 8
-3421563
Convert 1002210022110 (base 3) to base 4.
2033021220
What is 5c11b1 (base 13) in base 9?
4125151
Convert -18ea6 (base 16) to base 8.
-307246
616324 (base 7) to base 8
315772
5456126 (base 7) to base 6
22204005
217211 (base 8) to base 15
16b03
What is 1900a (base 11) in base 15?
7d55
2091425 (base 12) to base 15
81a6d5
-436562 (base 7) to base 16
-12bea
Convert -24b76 (base 13) to base 5.
-4132431
What is 120001012101 (base 3) in base 8?
1102267
What is -22014354 (base 6) in base 15?
-ce341
What is 51472 (base 8) in base 10?
21306
Convert 331001 (base 6) to base 4.
12230221
What is 12414250 (base 10) in base 13?
2758714
What is 2659564 (base 11) in base 5?
2134022122
What is -115103 (base 7) in base 15?
-6335
What is -442c1 (base 15) in base 8?
-647067
What is -69121 (base 10) in base 4?
-100320001
What is 299c (base 16) in base 10?
10652
What is -103102123 (base 4) in base 12?
-39877
What is 211011210 (base 4) in base 14?
3d508
-4225154 (base 8) to base 7
-12363542
-301320 (base 8) to base 16
-182d0
What is -79976 (base 13) in base 5?
-24040233
Convert -44408 (base 14) to base 13.
-5a3b7
What is 21c0b24 (base 14) in base 11?
907a19a
What is -22111110201110 (base 3) in base 5?
-2124013210
-5288252 (base 10) to base 11
-2a92162
Convert 1ba2d4 (base 14) to base 16.
f1502
-1010321302 (base 4) to base 15
-58951
-1010012112111 (base 3) to base 10
-594526
Convert 4911981 (base 10) to base 7.
56515434
13f9b (base 16) to base 10
81819
What is -76477 (base 16) in base 10?
-484471
Convert 351745 (base 10) to base 3.
122212111121
Convert 310315 (base 10) to base 6.
10352351
-122323232 (base 4) to base 5
-12012233
102032023 (base 4) to base 15
171aa
What is -2a07a5 (base 12) in base 9?
-1285588
-11000010110011111 (base 2) to base 5
-11142433
What is -20120201013 (base 4) in base 12?
-89b8b3
What is 1011010110110 (base 2) in base 7?
22644
Convert 232302222022 (base 4) to base 16.
bb2a8a
642222 (base 7) to base 8
331216
What is -a4160 (base 15) in base 7?
-4264140
Convert 344353524 (base 6) to base 16.
6149bc
What is 615241 (base 7) in base 8?
315175
What is 3321bb3 (base 12) in base 7?
145603545
Convert 13661560 (base 9) to base 12.
2327090
What is -120182 (base 10) in base 7?
-1010246
Convert 20052251 (base 6) to base 10